{"id":17253,"date":"2024-12-02T01:33:47","date_gmt":"2024-12-02T00:33:47","guid":{"rendered":"https:\/\/wirex.b33.pl\/?page_id=17253"},"modified":"2025-03-06T23:07:42","modified_gmt":"2025-03-06T22:07:42","slug":"utylizacja-i-recykling-odpadow-oferta","status":"publish","type":"page","link":"https:\/\/wirex.bedzin.pl\/?page_id=17253","title":{"rendered":"Utylizacja i recykling odpad\u00f3w &#8211; oferta"},"content":{"rendered":"<div class=\"wpb-content-wrapper\"><p>[vc_row css=&#8221;.vc_custom_1733099872885{margin-top: -60px !important;}&#8221; el_id=&#8221;recykling-start&#8221;][vc_column]\n\t\t\t\t<p class=\"rs-p-wp-fix\"><\/p>\n\t\t\t\t<sr7-module data-alias=\"recykling-oferta\" data-id=\"23\" id=\"SR7_23_1\" class=\"rs-ov-hidden\" data-version=\"6.7.18\">\n\t\t\t\t\t<sr7-adjuster><\/sr7-adjuster>\n\t\t\t\t\t<sr7-content>\n\t\t\t\t\t\t<sr7-slide id=\"SR7_23_1-71\" data-key=\"71\">\n\t\t\t\t\t\t\t<sr7-bg id=\"SR7_23_1-71-1\" class=\"sr7-layer\"><noscript><img decoding=\"async\" src=\"https:\/\/wirex.bedzin.pl\/wp-content\/uploads\/2024\/11\/utylizacja-v3.jpg\" alt=\"\" title=\"utylizacja-v3\"><\/noscript><\/sr7-bg>\n\t\t\t\t\t\t\t<sr7-txt id=\"SR7_23_1-71-0\" class=\"sr7-layer\">RECYKLING ODPAD\u00d3W<\/sr7-txt>\n\t\t\t\t\t\t<\/sr7-slide>\n\t\t\t\t\t\t<sr7-slide id=\"SR7_23_1-72\" data-key=\"72\">\n\t\t\t\t\t\t<\/sr7-slide>\n\t\t\t\t\t<\/sr7-content>\n\t\t\t\t\t<image_lists style=\"display:none\">\n\t\t\t\t\t\t<img data-src=\"\/\/wirex.bedzin.pl\/wp-content\/uploads\/2024\/11\/utylizacja-v3.jpg\" data-libid=\"17033\" data-lib=\"medialibrary\" title=\"utylizacja-v3\" width=\"0\" height=\"0\" data-dbsrc=\"Ly93aXJleC5iZWR6aW4ucGwvd3AtY29udGVudC91cGxvYWRzLzIwMjQvMTEvdXR5bGl6YWNqYS12My5qcGc=\"\/>\n\t\t\t\t\t<\/image_lists>\n\t\t\t\t<\/sr7-module>\n\t\t\t\t<script>\n\t\t\t\t\tSR7.PMH ??={}; SR7.PMH[\"SR7_23_1\"] = {cn:0,state:false,fn: function() { if (_tpt!==undefined && _tpt.prepareModuleHeight !== undefined) {  _tpt.prepareModuleHeight({id:\"SR7_23_1\",el:[180,180,180,180,80],type:'standard',shdw:'0',gh:[180,180,180,180,80],gw:[1240,1240,1240,1240,480],vpt:['100px&#039;,&#039;100px&#039;,&#039;100px&#039;,&#039;100px&#039;,&#039;100px'],size:{fullWidth:true, fullHeight:false},mh:'0',onh:0,onw:0,bg:{color:'{\"orig\":\"transparent\",\"type\":\"solid\",\"string\":\"transparent\"}'}});   SR7.PMH[\"SR7_23_1\"].state=true;} else if((SR7.PMH[\"SR7_23_1\"].cn++)<100)\tsetTimeout( SR7.PMH[\"SR7_23_1\"].fn,19);}};SR7.PMH[\"SR7_23_1\" ].fn();\n\t\t\t\t<\/script>\n[\/vc_column][\/vc_row][vc_row][vc_column][vc_empty_space height=&#8221;64px&#8221;][\/vc_column][\/vc_row][vc_row][vc_column][vc_column_text css=&#8221;&#8221;]<\/p>\n<div class=\"posttitle\">\n<h4><span style=\"color: #808080;\">W WIREX-WSZO\u0141A mo\u017cesz pozostawi\u0107 gruz lub zam\u00f3wi\u0107 kontener pod wskazany adres.<\/span><\/h4>\n<\/div>\n<h6><span style=\"color: #808080;\">Zajmujemy si\u0119 szeroko recyklingiem \u2013 posiadamy r\u00f3\u017cne decyzje i mo\u017cliwo\u015bci<\/span><\/h6>\n<p><span style=\"font-size: 10.0pt; font-family: 'Verdana',sans-serif;\">G\u0142\u00f3wnie oferujemy utylizacj\u0119 materia\u0142\u00f3w powsta\u0142ych wskutek wyburzenia, remontu czy przebudowy.<\/span><\/p>\n<p><span style=\"font-size: 10.0pt; font-family: 'Verdana',sans-serif;\">W\u015br\u00f3d nich znajduj\u0105 si\u0119 mi.in.:\u00a0asfalt, odpady ceramiczne, odpady z betonu, odpady z remontu przebudowy dr\u00f3g, gleba, czy t\u0142ucze\u0144 torowy.<\/span><\/p>\n<p><span style=\"font-size: 10.0pt; font-family: 'Verdana',sans-serif;\">Prowadzimy dzia\u0142ania maj\u0105ce na celu uporz\u0105dkowanie gospodarki odpadami budowlanymi, zgodnie z zasadami Ustawy o odpadach. Przyjmujemy gruz ze wszystkich miast \u00a0w tym GZM, G\u00f3rno\u015bl\u0105sko-Zag\u0142\u0119biowskiej Metropolii, Katowice, Chorz\u00f3w, Bytom, Mys\u0142owice, Zabrze, Sosnowiec, B\u0119dzin, D\u0105browa G\u00f3rnicza, Wojkowice, Czelad\u017a, Piekary \u015al\u0105skie, Jaworzno, Chrzan\u00f3w i inne.<\/span><\/p>\n<p><span style=\"font-size: 10.0pt; font-family: 'Verdana',sans-serif;\">U nas mo\u017cecie zostawi\u0107 gruz lub zam\u00f3wi\u0107 kontener pod wskazany adres.<\/span><\/p>\n<p><span style=\"font-size: 10.0pt; font-family: 'Verdana',sans-serif;\">Przyjmujemy do recykling i utylizacji min. odpady budowlane:\u00a0 gruz,\u00a0 ziemia,\u00a0 piasek,\u00a0 asfalt,\u00a0 beton, itp [..].<\/span><\/p>\n<p><span style=\"font-size: 10.0pt; font-family: 'Verdana',sans-serif;\">W ramach tej dzia\u0142alno\u015bci przyjmujemy do przetworzenia odpady budowlane ( gruz i z\u0142om ) pochodz\u0105ce z remont\u00f3w, rozbi\u00f3rki i wyburze\u0144 budynk\u00f3w i konstrukcji betonowych i ceglanych, w tym gruz pochodz\u0105cy z hal fabrycznych, dom\u00f3w jednorodzinnych, ceglanych budynk\u00f3w mieszkalnych, blok\u00f3w, innych stalowo-betonowych konstrukcji przemys\u0142owych oraz drogowych.<\/span>[\/vc_column_text][\/vc_column][\/vc_row][vc_row][vc_column][\/vc_column][\/vc_row][vc_row css=&#8221;.vc_custom_1728600281824{margin-top: 140px !important;margin-bottom: 60px !important;}&#8221;][vc_column css_animation=&#8221;fadeInUp&#8221; width=&#8221;1\/5&#8243;]\t<div class=\"ts-feature-wrapper  vertical-icon text-default\">\n\t\t\n\t\t<div class=\"feature-content\">\n\t\t\t\n\t\t\t\t\t\t<a style=\"color: #3251d1\" target=\"_self\" class=\"feature-icon\" href=\"https:\/\/wirex.bedzin.pl\/?page_id=17185\">\n\t\t\t\t<i class=\"fas fa-box\"><\/i>\n\t\t\t<\/a>\n\t\t\t\t\t\t\n\t\t\t<div class=\"feature-header\">\n\t\t\t\t\n\t\t\t\t\t\t\t\t<h4 class=\"feature-title heading-title entry-title\">\n\t\t\t\t\t<a target=\"_self\" href=\"https:\/\/wirex.bedzin.pl\/?page_id=17185\">Kontenery, worki BIG-BAG<\/a>\n\t\t\t\t<\/h4>\n\t\t\t\t\t\t\t\n\t\t\t\t\t\t\t\t<div class=\"feature-excerpt\">\n\t\t\t\t\twypo\u017cyczenie kontener\u00f3w na gruz i odpady budowlane w\u0142\u0105cznie z transportem we wskazane miejsce.\t\t\t\t<\/div>\n\t\t\t\t\t\t\t\t\t\n\t\t\t<\/div>\n\t\t<\/div>\n\t<\/div>\n\t[\/vc_column][vc_column css_animation=&#8221;bottom-to-top&#8221; width=&#8221;1\/5&#8243;]\t<div class=\"ts-feature-wrapper  vertical-icon text-default\">\n\t\t\n\t\t<div class=\"feature-content\">\n\t\t\t\n\t\t\t\t\t\t<a style=\"color: #7c6d51\" target=\"_self\" class=\"feature-icon\" href=\"https:\/\/wirex.bedzin.pl\/?page_id=17209\">\n\t\t\t\t<i class=\"fas fa-industry\"><\/i>\n\t\t\t<\/a>\n\t\t\t\t\t\t\n\t\t\t<div class=\"feature-header\">\n\t\t\t\t\n\t\t\t\t\t\t\t\t<h4 class=\"feature-title heading-title entry-title\">\n\t\t\t\t\t<a target=\"_self\" href=\"https:\/\/wirex.bedzin.pl\/?page_id=17209\">Wyroby hutnicze<\/a>\n\t\t\t\t<\/h4>\n\t\t\t\t\t\t\t\n\t\t\t\t\t\t\t\t<div class=\"feature-excerpt\">\n\t\t\t\t\tProwadzimy sprzeda\u017c wyrob\u00f3w ze stali - odwied\u017a nasz sklep\t\t\t\t<\/div>\n\t\t\t\t\t\t\t\t\t\n\t\t\t<\/div>\n\t\t<\/div>\n\t<\/div>\n\t[\/vc_column][vc_column css_animation=&#8221;fadeIn&#8221; width=&#8221;1\/5&#8243;]\t<div class=\"ts-feature-wrapper  vertical-icon text-default\">\n\t\t\n\t\t<div class=\"feature-content\">\n\t\t\t\n\t\t\t\t\t\t<a style=\"color: #dd8500\" target=\"_self\" class=\"feature-icon\" href=\"https:\/\/wirex.bedzin.pl\/?page_id=17229\">\n\t\t\t\t<i class=\"fas fa-braille\"><\/i>\n\t\t\t<\/a>\n\t\t\t\t\t\t\n\t\t\t<div class=\"feature-header\">\n\t\t\t\t\n\t\t\t\t\t\t\t\t<h4 class=\"feature-title heading-title entry-title\">\n\t\t\t\t\t<a target=\"_self\" href=\"https:\/\/wirex.bedzin.pl\/?page_id=17229\">Kruszywa<\/a>\n\t\t\t\t<\/h4>\n\t\t\t\t\t\t\t\n\t\t\t\t\t\t\t\t<div class=\"feature-excerpt\">\n\t\t\t\t\tbudowlane i drogowe z recyklingu oraz kruszywa naturalne.\t\t\t\t<\/div>\n\t\t\t\t\t\t\t\t\t\n\t\t\t<\/div>\n\t\t<\/div>\n\t<\/div>\n\t[\/vc_column][vc_column css_animation=&#8221;top-to-bottom&#8221; width=&#8221;1\/5&#8243;]\t<div class=\"ts-feature-wrapper  vertical-icon text-default\">\n\t\t\n\t\t<div class=\"feature-content\">\n\t\t\t\n\t\t\t\t\t\t<a style=\"color: #934f22\" target=\"_self\" class=\"feature-icon\" href=\"https:\/\/wirex.bedzin.pl\/?page_id=17246\">\n\t\t\t\t<i class=\"fas fa-download\"><\/i>\n\t\t\t<\/a>\n\t\t\t\t\t\t\n\t\t\t<div class=\"feature-header\">\n\t\t\t\t\n\t\t\t\t\t\t\t\t<h4 class=\"feature-title heading-title entry-title\">\n\t\t\t\t\t<a target=\"_self\" href=\"https:\/\/wirex.bedzin.pl\/?page_id=17246\">Wyburzenia, rozbi\u00f3rki<\/a>\n\t\t\t\t<\/h4>\n\t\t\t\t\t\t\t\n\t\t\t\t\t\t\t\t<div class=\"feature-excerpt\">\n\t\t\t\t\tmechaniczne wyburzanie obiekt\u00f3w budowlanych, mechaniczne rozbi\u00f3rki konstrukcji stalowych i element\u00f3w mieszanych.\t\t\t\t<\/div>\n\t\t\t\t\t\t\t\t\t\n\t\t\t<\/div>\n\t\t<\/div>\n\t<\/div>\n\t[\/vc_column][vc_column width=&#8221;1\/5&#8243;]\t<div class=\"ts-feature-wrapper  vertical-icon text-default\">\n\t\t\n\t\t<div class=\"feature-content\">\n\t\t\t\n\t\t\t\t\t\t<a style=\"color: #31a033\" target=\"_self\" class=\"feature-icon\" href=\"#recykling-start\">\n\t\t\t\t<i class=\"fas fa-recycle\"><\/i>\n\t\t\t<\/a>\n\t\t\t\t\t\t\n\t\t\t<div class=\"feature-header\">\n\t\t\t\t\n\t\t\t\t\t\t\t\t<h4 class=\"feature-title heading-title entry-title\">\n\t\t\t\t\t<a target=\"_self\" href=\"#recykling-start\">Utylizacja i recykling odpad\u00f3w<\/a>\n\t\t\t\t<\/h4>\n\t\t\t\t\t\t\t\n\t\t\t\t\t\t\t\t<div class=\"feature-excerpt\">\n\t\t\t\t\trecykling i utylizacja asfaltu, gruzu, betonu, ceg\u0142y, odpady z remontu, przebudowy dr\u00f3g, gleba, t\u0142ucze\u0144 torowy.\t\t\t\t<\/div>\n\t\t\t\t\t\t\t\t\t\n\t\t\t<\/div>\n\t\t<\/div>\n\t<\/div>\n\t[\/vc_column][\/vc_row][vc_row][vc_column][vc_raw_js]JTNDc2NyaXB0JTNFJTBBalF1ZXJ5JTI4ZG9jdW1lbnQlMjkucmVhZHklMjhmdW5jdGlvbiUyOCUyMCUyNCUyMCUyOSU3QiUwQSUyMCUyMCUyMCUyMCUyNCUyOCUyN2ElNUJocmVmJTJBJTNEJTIyJTIzJTIyJTVEJTNBbm90JTI4JTVCaHJlZiUzRCUyMiUyMyUyMiU1RCUyOSUyNyUyOS5jbGljayUyOGZ1bmN0aW9uJTI4JTI5JTIwJTdCJTBBJTIwJTIwJTIwJTIwJTIwJTIwJTIwJTIwaWYlMjAlMjhsb2NhdGlvbi5wYXRobmFtZS5yZXBsYWNlJTI4JTJGJTVFJTVDJTJGJTJGJTJDJTI3JTI3JTI5JTIwJTNEJTNEJTIwdGhpcy5wYXRobmFtZS5yZXBsYWNlJTI4JTJGJTVFJTVDJTJGJTJGJTJDJTI3JTI3JTI5JTIwJTI2JTI2JTIwbG9jYXRpb24uaG9zdG5hbWUlMjAlM0QlM0QlMjB0aGlzLmhvc3RuYW1lJTI5JTIwJTdCJTBBJTIwJTIwJTIwJTIwJTIwJTIwJTIwJTIwJTIwJTIwJTIwJTIwdmFyJTIwdGFyZ2V0JTIwJTNEJTIwJTI0JTI4dGhpcy5oYXNoJTI5JTNCJTBBJTIwJTIwJTIwJTIwJTIwJTIwJTIwJTIwJTIwJTIwJTIwJTIwdGFyZ2V0JTIwJTNEJTIwdGFyZ2V0Lmxlbmd0aCUyMCUzRiUyMHRhcmdldCUyMCUzQSUyMCUyNCUyOCUyNyU1Qm5hbWUlM0QlMjclMjAlMkIlMjB0aGlzLmhhc2guc2xpY2UlMjgxJTI5JTIwJTJCJTI3JTVEJTI3JTI5JTNCJTBBJTIwJTIwJTIwJTIwJTIwJTIwJTIwJTIwJTIwJTIwJTIwJTIwaWYlMjAlMjh0YXJnZXQubGVuZ3RoJTI5JTIwJTdCJTBBJTIwJTIwJTIwJTIwJTIwJTIwJTIwJTIwJTIwJTIwJTIwJTIwJTIwJTIwJTIwJTIwJTI0JTI4JTI3aHRtbCUyQ2JvZHklMjclMjkuYW5pbWF0ZSUyOCU3QiUwQSUyMCUyMCUyMCUyMCUyMCUyMCUyMCUyMCUyMCUyMCUyMCUyMCUyMCUyMCUyMCUyMCUyMCUyMCUyMCUyMHNjcm9sbFRvcCUzQSUyMHRhcmdldC5vZmZzZXQlMjglMjkudG9wJTBBJTIwJTIwJTIwJTIwJTIwJTIwJTIwJTIwJTIwJTIwJTIwJTIwJTIwJTIwJTIwJTIwJTdEJTJDJTIwMTAwMCUyOSUzQiUwQSUyMCUyMCUyMCUyMCUyMCUyMCUyMCUyMCUyMCUyMCUyMCUyMCUyMCUyMCUyMCUyMHJldHVybiUyMGZhbHNlJTNCJTBBJTIwJTIwJTIwJTIwJTIwJTIwJTIwJTIwJTIwJTIwJTIwJTIwJTdEJTBBJTIwJTIwJTIwJTIwJTIwJTIwJTIwJTIwJTdEJTBBJTIwJTIwJTIwJTIwJTdEJTI5JTNCJTBBJTdEJTI5JTNCJTBBJTNDJTJGc2NyaXB0JTNF[\/vc_raw_js][\/vc_column][\/vc_row]<\/p>\n<\/div>","protected":false},"excerpt":{"rendered":"<p>[vc_row css=&#8221;.vc_custom_1733099872885{margin-top: -60px !important;}&#8221; el_id=&#8221;recykling-start&#8221;][vc_column][\/vc_column][\/vc_row][vc_row][vc_column][vc_empty_space height=&#8221;64px&#8221;][\/vc_column][\/vc_row][vc_row][vc_column][vc_column_text css=&#8221;&#8221;] W WIREX-WSZO\u0141A mo\u017cesz pozostawi\u0107 gruz lub zam\u00f3wi\u0107 kontener pod wskazany adres. Zajmujemy si\u0119 szeroko recyklingiem \u2013 posiadamy r\u00f3\u017cne decyzje i mo\u017cliwo\u015bci G\u0142\u00f3wnie oferujemy utylizacj\u0119 materia\u0142\u00f3w powsta\u0142ych wskutek wyburzenia, remontu czy przebudowy. W\u015br\u00f3d nich znajduj\u0105 si\u0119 mi.in.:\u00a0asfalt, odpady ceramiczne, odpady z betonu, odpady z remontu przebudowy dr\u00f3g, gleba, czy [&hellip;]<\/p>\n","protected":false},"author":1,"featured_media":0,"parent":0,"menu_order":0,"comment_status":"closed","ping_status":"closed","template":"","meta":{"inline_featured_image":false,"footnotes":""},"class_list":["post-17253","page","type-page","status-publish","hentry"],"yoast_head":"<!-- This site is optimized with the Yoast SEO Premium plugin v24.1 (Yoast SEO v24.1) - https:\/\/yoast.com\/wordpress\/plugins\/seo\/ -->\n<title>Utylizacja i recykling odpad\u00f3w - oferta - Wirex-Wszo\u0142a<\/title>\n<meta name=\"description\" content=\"Pozostaw gruz lub zam\u00f3w kontener, Wirex-Wszo\u0142a: recykling i ekologia, kontakt: 603973415, 506171069; email: wirex@wirex.bedzin.pl\" \/>\n<meta name=\"robots\" content=\"index, follow, max-snippet:-1, max-image-preview:large, max-video-preview:-1\" \/>\n<link rel=\"canonical\" href=\"https:\/\/wirex.bedzin.pl\/?page_id=17253\" \/>\n<meta property=\"og:locale\" content=\"pl_PL\" \/>\n<meta property=\"og:type\" content=\"article\" \/>\n<meta property=\"og:title\" content=\"Utylizacja i recykling odpad\u00f3w - oferta\" \/>\n<meta property=\"og:description\" content=\"Pozostaw gruz lub zam\u00f3w kontener, Wirex-Wszo\u0142a: recykling i ekologia, kontakt: 603973415, 506171069; email: wirex@wirex.bedzin.pl\" \/>\n<meta property=\"og:url\" content=\"https:\/\/wirex.bedzin.pl\/?page_id=17253\" \/>\n<meta property=\"og:site_name\" content=\"Wirex-Wszo\u0142a\" \/>\n<meta property=\"article:publisher\" content=\"https:\/\/www.facebook.com\/wirex.wirex.3\/\" \/>\n<meta property=\"article:modified_time\" content=\"2025-03-06T22:07:42+00:00\" \/>\n<meta name=\"twitter:card\" content=\"summary_large_image\" \/>\n<meta name=\"twitter:label1\" content=\"Szacowany czas czytania\" \/>\n\t<meta name=\"twitter:data1\" content=\"2 minuty\" \/>\n<script type=\"application\/ld+json\" class=\"yoast-schema-graph\">{\"@context\":\"https:\/\/schema.org\",\"@graph\":[{\"@type\":\"WebPage\",\"@id\":\"https:\/\/wirex.bedzin.pl\/?page_id=17253\",\"url\":\"https:\/\/wirex.bedzin.pl\/?page_id=17253\",\"name\":\"Utylizacja i recykling odpad\u00f3w - oferta - Wirex-Wszo\u0142a\",\"isPartOf\":{\"@id\":\"https:\/\/wirex.bedzin.pl\/#website\"},\"datePublished\":\"2024-12-02T00:33:47+00:00\",\"dateModified\":\"2025-03-06T22:07:42+00:00\",\"description\":\"Pozostaw gruz lub zam\u00f3w kontener, Wirex-Wszo\u0142a: recykling i ekologia, kontakt: 603973415, 506171069; email: wirex@wirex.bedzin.pl\",\"breadcrumb\":{\"@id\":\"https:\/\/wirex.bedzin.pl\/?page_id=17253#breadcrumb\"},\"inLanguage\":\"pl-PL\",\"potentialAction\":[{\"@type\":\"ReadAction\",\"target\":[\"https:\/\/wirex.bedzin.pl\/?page_id=17253\"]}]},{\"@type\":\"BreadcrumbList\",\"@id\":\"https:\/\/wirex.bedzin.pl\/?page_id=17253#breadcrumb\",\"itemListElement\":[{\"@type\":\"ListItem\",\"position\":1,\"name\":\"Strona g\u0142\u00f3wna\",\"item\":\"https:\/\/wirex.bedzin.pl\/\"},{\"@type\":\"ListItem\",\"position\":2,\"name\":\"Utylizacja i recykling odpad\u00f3w &#8211; oferta\"}]},{\"@type\":\"WebSite\",\"@id\":\"https:\/\/wirex.bedzin.pl\/#website\",\"url\":\"https:\/\/wirex.bedzin.pl\/\",\"name\":\"Wirex-Wszo\u0142a\",\"description\":\"Z nami oszcz\u0119dzasz!\",\"publisher\":{\"@id\":\"https:\/\/wirex.bedzin.pl\/#organization\"},\"potentialAction\":[{\"@type\":\"SearchAction\",\"target\":{\"@type\":\"EntryPoint\",\"urlTemplate\":\"https:\/\/wirex.bedzin.pl\/?s={search_term_string}\"},\"query-input\":{\"@type\":\"PropertyValueSpecification\",\"valueRequired\":true,\"valueName\":\"search_term_string\"}}],\"inLanguage\":\"pl-PL\"},{\"@type\":\"Organization\",\"@id\":\"https:\/\/wirex.bedzin.pl\/#organization\",\"name\":\"Wirex-Wszo\u0142a\",\"url\":\"https:\/\/wirex.bedzin.pl\/\",\"logo\":{\"@type\":\"ImageObject\",\"inLanguage\":\"pl-PL\",\"@id\":\"https:\/\/wirex.bedzin.pl\/#\/schema\/logo\/image\/\",\"url\":\"https:\/\/wirex.bedzin.pl\/wp-content\/uploads\/2024\/10\/wirex-wszola-logo2.png\",\"contentUrl\":\"https:\/\/wirex.bedzin.pl\/wp-content\/uploads\/2024\/10\/wirex-wszola-logo2.png\",\"width\":737,\"height\":213,\"caption\":\"Wirex-Wszo\u0142a\"},\"image\":{\"@id\":\"https:\/\/wirex.bedzin.pl\/#\/schema\/logo\/image\/\"},\"sameAs\":[\"https:\/\/www.facebook.com\/wirex.wirex.3\/\"]}]}<\/script>\n<!-- \/ Yoast SEO Premium plugin. -->","yoast_head_json":{"title":"Utylizacja i recykling odpad\u00f3w - oferta - Wirex-Wszo\u0142a","description":"Pozostaw gruz lub zam\u00f3w kontener, Wirex-Wszo\u0142a: recykling i ekologia, kontakt: 603973415, 506171069; email: wirex@wirex.bedzin.pl","robots":{"index":"index","follow":"follow","max-snippet":"max-snippet:-1","max-image-preview":"max-image-preview:large","max-video-preview":"max-video-preview:-1"},"canonical":"https:\/\/wirex.bedzin.pl\/?page_id=17253","og_locale":"pl_PL","og_type":"article","og_title":"Utylizacja i recykling odpad\u00f3w - oferta","og_description":"Pozostaw gruz lub zam\u00f3w kontener, Wirex-Wszo\u0142a: recykling i ekologia, kontakt: 603973415, 506171069; email: wirex@wirex.bedzin.pl","og_url":"https:\/\/wirex.bedzin.pl\/?page_id=17253","og_site_name":"Wirex-Wszo\u0142a","article_publisher":"https:\/\/www.facebook.com\/wirex.wirex.3\/","article_modified_time":"2025-03-06T22:07:42+00:00","twitter_card":"summary_large_image","twitter_misc":{"Szacowany czas czytania":"2 minuty"},"schema":{"@context":"https:\/\/schema.org","@graph":[{"@type":"WebPage","@id":"https:\/\/wirex.bedzin.pl\/?page_id=17253","url":"https:\/\/wirex.bedzin.pl\/?page_id=17253","name":"Utylizacja i recykling odpad\u00f3w - oferta - Wirex-Wszo\u0142a","isPartOf":{"@id":"https:\/\/wirex.bedzin.pl\/#website"},"datePublished":"2024-12-02T00:33:47+00:00","dateModified":"2025-03-06T22:07:42+00:00","description":"Pozostaw gruz lub zam\u00f3w kontener, Wirex-Wszo\u0142a: recykling i ekologia, kontakt: 603973415, 506171069; email: wirex@wirex.bedzin.pl","breadcrumb":{"@id":"https:\/\/wirex.bedzin.pl\/?page_id=17253#breadcrumb"},"inLanguage":"pl-PL","potentialAction":[{"@type":"ReadAction","target":["https:\/\/wirex.bedzin.pl\/?page_id=17253"]}]},{"@type":"BreadcrumbList","@id":"https:\/\/wirex.bedzin.pl\/?page_id=17253#breadcrumb","itemListElement":[{"@type":"ListItem","position":1,"name":"Strona g\u0142\u00f3wna","item":"https:\/\/wirex.bedzin.pl\/"},{"@type":"ListItem","position":2,"name":"Utylizacja i recykling odpad\u00f3w &#8211; oferta"}]},{"@type":"WebSite","@id":"https:\/\/wirex.bedzin.pl\/#website","url":"https:\/\/wirex.bedzin.pl\/","name":"Wirex-Wszo\u0142a","description":"Z nami oszcz\u0119dzasz!","publisher":{"@id":"https:\/\/wirex.bedzin.pl\/#organization"},"potentialAction":[{"@type":"SearchAction","target":{"@type":"EntryPoint","urlTemplate":"https:\/\/wirex.bedzin.pl\/?s={search_term_string}"},"query-input":{"@type":"PropertyValueSpecification","valueRequired":true,"valueName":"search_term_string"}}],"inLanguage":"pl-PL"},{"@type":"Organization","@id":"https:\/\/wirex.bedzin.pl\/#organization","name":"Wirex-Wszo\u0142a","url":"https:\/\/wirex.bedzin.pl\/","logo":{"@type":"ImageObject","inLanguage":"pl-PL","@id":"https:\/\/wirex.bedzin.pl\/#\/schema\/logo\/image\/","url":"https:\/\/wirex.bedzin.pl\/wp-content\/uploads\/2024\/10\/wirex-wszola-logo2.png","contentUrl":"https:\/\/wirex.bedzin.pl\/wp-content\/uploads\/2024\/10\/wirex-wszola-logo2.png","width":737,"height":213,"caption":"Wirex-Wszo\u0142a"},"image":{"@id":"https:\/\/wirex.bedzin.pl\/#\/schema\/logo\/image\/"},"sameAs":["https:\/\/www.facebook.com\/wirex.wirex.3\/"]}]}},"_links":{"self":[{"href":"https:\/\/wirex.bedzin.pl\/index.php?rest_route=\/wp\/v2\/pages\/17253","targetHints":{"allow":["GET"]}}],"collection":[{"href":"https:\/\/wirex.bedzin.pl\/index.php?rest_route=\/wp\/v2\/pages"}],"about":[{"href":"https:\/\/wirex.bedzin.pl\/index.php?rest_route=\/wp\/v2\/types\/page"}],"author":[{"embeddable":true,"href":"https:\/\/wirex.bedzin.pl\/index.php?rest_route=\/wp\/v2\/users\/1"}],"replies":[{"embeddable":true,"href":"https:\/\/wirex.bedzin.pl\/index.php?rest_route=%2Fwp%2Fv2%2Fcomments&post=17253"}],"version-history":[{"count":8,"href":"https:\/\/wirex.bedzin.pl\/index.php?rest_route=\/wp\/v2\/pages\/17253\/revisions"}],"predecessor-version":[{"id":17612,"href":"https:\/\/wirex.bedzin.pl\/index.php?rest_route=\/wp\/v2\/pages\/17253\/revisions\/17612"}],"wp:attachment":[{"href":"https:\/\/wirex.bedzin.pl\/index.php?rest_route=%2Fwp%2Fv2%2Fmedia&parent=17253"}],"curies":[{"name":"wp","href":"https:\/\/api.w.org\/{rel}","templated":true}]}}