{"id":17229,"date":"2024-12-02T00:57:38","date_gmt":"2024-12-01T23:57:38","guid":{"rendered":"https:\/\/wirex.b33.pl\/?page_id=17229"},"modified":"2025-03-06T22:59:49","modified_gmt":"2025-03-06T21:59:49","slug":"kruszywa-oferta","status":"publish","type":"page","link":"https:\/\/wirex.bedzin.pl\/?page_id=17229","title":{"rendered":"Kruszywa &#8211; oferta"},"content":{"rendered":"<div class=\"wpb-content-wrapper\"><p>[vc_row css=&#8221;.vc_custom_1733099016753{margin-top: -60px !important;}&#8221; el_id=&#8221;kruszywa-start&#8221;][vc_column]\n\t\t\t\t<p class=\"rs-p-wp-fix\"><\/p>\n\t\t\t\t<sr7-module data-alias=\"kruszywa-oferta\" data-id=\"21\" id=\"SR7_21_1\" class=\"rs-ov-hidden\" data-version=\"6.7.18\">\n\t\t\t\t\t<sr7-adjuster><\/sr7-adjuster>\n\t\t\t\t\t<sr7-content>\n\t\t\t\t\t\t<sr7-slide id=\"SR7_21_1-67\" data-key=\"67\">\n\t\t\t\t\t\t\t<sr7-bg id=\"SR7_21_1-67-1\" class=\"sr7-layer\"><noscript><img decoding=\"async\" src=\"https:\/\/wirex.bedzin.pl\/wp-content\/uploads\/2024\/11\/kruszywa-v3.jpg\" alt=\"\" title=\"kruszywa-v3\"><\/noscript><\/sr7-bg>\n\t\t\t\t\t\t\t<sr7-txt id=\"SR7_21_1-67-0\" class=\"sr7-layer\">KRUSZYWA<\/sr7-txt>\n\t\t\t\t\t\t<\/sr7-slide>\n\t\t\t\t\t\t<sr7-slide id=\"SR7_21_1-68\" data-key=\"68\">\n\t\t\t\t\t\t<\/sr7-slide>\n\t\t\t\t\t<\/sr7-content>\n\t\t\t\t\t<image_lists style=\"display:none\">\n\t\t\t\t\t\t<img data-src=\"\/\/wirex.bedzin.pl\/wp-content\/uploads\/2024\/11\/kruszywa-v3.jpg\" data-libid=\"17032\" data-lib=\"medialibrary\" title=\"kruszywa-v3\" width=\"0\" height=\"0\" data-dbsrc=\"Ly93aXJleC5iZWR6aW4ucGwvd3AtY29udGVudC91cGxvYWRzLzIwMjQvMTEva3J1c3p5d2EtdjMuanBn\"\/>\n\t\t\t\t\t<\/image_lists>\n\t\t\t\t<\/sr7-module>\n\t\t\t\t<script>\n\t\t\t\t\tSR7.PMH ??={}; SR7.PMH[\"SR7_21_1\"] = {cn:0,state:false,fn: function() { if (_tpt!==undefined && _tpt.prepareModuleHeight !== undefined) {  _tpt.prepareModuleHeight({id:\"SR7_21_1\",el:[180,180,180,180,80],type:'standard',shdw:'0',gh:[180,180,180,180,80],gw:[1240,1240,1240,1240,480],vpt:['100px&#039;,&#039;100px&#039;,&#039;100px&#039;,&#039;100px&#039;,&#039;100px'],size:{fullWidth:true, fullHeight:false},mh:'0',onh:0,onw:0,bg:{color:'{\"orig\":\"transparent\",\"type\":\"solid\",\"string\":\"transparent\"}'}});   SR7.PMH[\"SR7_21_1\"].state=true;} else if((SR7.PMH[\"SR7_21_1\"].cn++)<100)\tsetTimeout( SR7.PMH[\"SR7_21_1\"].fn,19);}};SR7.PMH[\"SR7_21_1\" ].fn();\n\t\t\t\t<\/script>\n[\/vc_column][\/vc_row][vc_row][vc_column][vc_empty_space height=&#8221;64px&#8221;][\/vc_column][\/vc_row][vc_row][vc_column][vc_column_text css=&#8221;&#8221;]<\/p>\n<h5><span style=\"color: #808080;\">WIREX-WSZO\u0141A oferuje do sprzeda\u017cy kruszywa budowlane i drogowe z recyklingu i naturalne.<\/span><\/h5>\n<p align=\"justify\"><span style=\"color: #808080;\">Nasze kruszywa to utrzymana wysoka jako\u015b\u0107 dzi\u0119ki odpowiednim technologiom rozdrabniania i przesiewania,\u00a0 a zarazem du\u017co korzystniejsza cena w por\u00f3wnaniu z wyrobami tradycyjnymi.<\/span><\/p>\n<h5 align=\"justify\"><span style=\"color: #808080;\">Kruszywa WIREXu to tak\u017ce dba\u0142o\u015b\u0107 o ekologi\u0119.<\/span><\/h5>\n<p>Dost\u0119pne kruszywa i ich granulacja:<\/p>\n<ul>\n<li>\u0141upek przepalony\u00a0\u00a0 <span style=\"color: #a4ad89;\">niesort<\/span><\/li>\n<li>\u0141upek przepalony\u00a0\u00a0 <span style=\"color: #a4ad89;\">0 &#8211; 31,5<\/span><\/li>\n<li>\u0141upek przepalony\u00a0\u00a0 <span style=\"color: #a4ad89;\">0 &#8211; 63,5<\/span><\/li>\n<li>\u0141upek przepalony\u00a0\u00a0 <span style=\"color: #a4ad89;\">31,5 &#8211; 63,5; 63 &#8211; 120<\/span><\/li>\n<li>\u0141upek nie przepalony czarny\u00a0\u00a0 <span style=\"color: #a4ad89;\">niesort<\/span><\/li>\n<li>Posp\u00f3\u0142ka \u017cwirowo-piaskowa\u00a0\u00a0 <span style=\"color: #a4ad89;\">0 &#8211; 20<\/span><\/li>\n<li>\u017bwir\u00a0\u00a0 <span style=\"color: #a4ad89;\">8 &#8211; 16<\/span><\/li>\n<li>\u017bwir\u00a0\u00a0 <span style=\"color: #a4ad89;\">16 &#8211; 31,5<\/span><\/li>\n<li>Dolomit\u00a0\u00a0 <span style=\"color: #a4ad89;\">0 &#8211; 10<\/span><\/li>\n<li>Dolomit\u00a0\u00a0 <span style=\"color: #a4ad89;\">0 &#8211; 31,5; 0 &#8211; 63,5<\/span><\/li>\n<li>Dolomit\u00a0\u00a0 <span style=\"color: #a4ad89;\">31,5 &#8211; 63,5<\/span><\/li>\n<li>Piasek podsypkowy\u00a0\u00a0<span style=\"color: #a4ad89;\"> Kl. II<\/span><\/li>\n<li>Piasek p\u0142ukany\u00a0\u00a0 <span style=\"color: #a4ad89;\">&#8211;<\/span><\/li>\n<li>Piasek \u017cu\u017clowy\u00a0\u00a0 <span style=\"color: #a4ad89;\">&#8211;<\/span><\/li>\n<li>Beton kruszony\u00a0\u00a0 <span style=\"color: #a4ad89;\">0 &#8211; 63<\/span><\/li>\n<li>Beton kruszony\u00a0\u00a0 <span style=\"color: #a4ad89;\">0 &#8211; 31,5<\/span><\/li>\n<li>Ziemia &#8211; Humus\u00a0\u00a0 <span style=\"color: #a4ad89;\">&#8211;<\/span><\/li>\n<li>Frez asfaltowy\u00a0\u00a0 <span style=\"color: #a4ad89;\">&#8211;<\/span><\/li>\n<li>\u017bu\u017cel stalowniczy\u00a0\u00a0 <span style=\"color: #a4ad89;\">niesort<\/span><\/li>\n<li>\u017bu\u017cel stalowniczy\u00a0\u00a0 <span style=\"color: #a4ad89;\">0 &#8211; 31,5<\/span><\/li>\n<li>\u017bu\u017cel stalowniczy\u00a0\u00a0 <span style=\"color: #a4ad89;\">0 &#8211; 63,5<\/span><\/li>\n<li>\u017bu\u017cel stalowniczy\u00a0\u00a0 <span style=\"color: #a4ad89;\">0 &#8211; 10<\/span><\/li>\n<li>\u017bu\u017cel stalowniczy\u00a0\u00a0 <span style=\"color: #a4ad89;\">10 &#8211; 40<\/span><\/li>\n<li>\u017bu\u017cel stalowniczy\u00a0\u00a0 <span style=\"color: #a4ad89;\">31,5 &#8211; 63,5<\/span><\/li>\n<li>\u017bu\u017cel stalowniczy\u00a0\u00a0 <span style=\"color: #a4ad89;\">63 &#8211; 300<\/span><\/li>\n<li>Mieszanka energetyczna\u00a0\u00a0 <span style=\"color: #a4ad89;\">0 &#8211; 20<\/span><\/li>\n<li>Tucze\u0144 starou\u017cyteczny kolejowy\u00a0\u00a0 <span style=\"color: #a4ad89;\">30 &#8211; 60<\/span><\/li>\n<li>Tucze\u0144 starou\u017cyteczny kolejowy\u00a0\u00a0 <span style=\"color: #a4ad89;\">10 &#8211; 40<\/span><\/li>\n<li>Szlaka\u00a0\u00a0 <span style=\"color: #a4ad89;\">&#8211;<\/span><\/li>\n<\/ul>\n<p>[\/vc_column_text][\/vc_column][\/vc_row][vc_row][vc_column][\/vc_column][\/vc_row][vc_row css=&#8221;.vc_custom_1728600281824{margin-top: 140px !important;margin-bottom: 60px !important;}&#8221;][vc_column css_animation=&#8221;fadeInUp&#8221; width=&#8221;1\/5&#8243;]\t<div class=\"ts-feature-wrapper  vertical-icon text-default\">\n\t\t\n\t\t<div class=\"feature-content\">\n\t\t\t\n\t\t\t\t\t\t<a style=\"color: #3251d1\" target=\"_self\" class=\"feature-icon\" href=\"https:\/\/wirex.bedzin.pl\/?page_id=17185\">\n\t\t\t\t<i class=\"fas fa-box\"><\/i>\n\t\t\t<\/a>\n\t\t\t\t\t\t\n\t\t\t<div class=\"feature-header\">\n\t\t\t\t\n\t\t\t\t\t\t\t\t<h4 class=\"feature-title heading-title entry-title\">\n\t\t\t\t\t<a target=\"_self\" href=\"https:\/\/wirex.bedzin.pl\/?page_id=17185\">Kontenery, worki BIG-BAG<\/a>\n\t\t\t\t<\/h4>\n\t\t\t\t\t\t\t\n\t\t\t\t\t\t\t\t<div class=\"feature-excerpt\">\n\t\t\t\t\twypo\u017cyczenie kontener\u00f3w na gruz i odpady budowlane w\u0142\u0105cznie z transportem we wskazane miejsce.\t\t\t\t<\/div>\n\t\t\t\t\t\t\t\t\t\n\t\t\t<\/div>\n\t\t<\/div>\n\t<\/div>\n\t[\/vc_column][vc_column css_animation=&#8221;bottom-to-top&#8221; width=&#8221;1\/5&#8243;]\t<div class=\"ts-feature-wrapper  vertical-icon text-default\">\n\t\t\n\t\t<div class=\"feature-content\">\n\t\t\t\n\t\t\t\t\t\t<a style=\"color: #7c6d51\" target=\"_self\" class=\"feature-icon\" href=\"https:\/\/wirex.bedzin.pl\/?page_id=17209\">\n\t\t\t\t<i class=\"fas fa-industry\"><\/i>\n\t\t\t<\/a>\n\t\t\t\t\t\t\n\t\t\t<div class=\"feature-header\">\n\t\t\t\t\n\t\t\t\t\t\t\t\t<h4 class=\"feature-title heading-title entry-title\">\n\t\t\t\t\t<a target=\"_self\" href=\"https:\/\/wirex.bedzin.pl\/?page_id=17209\">Wyroby hutnicze<\/a>\n\t\t\t\t<\/h4>\n\t\t\t\t\t\t\t\n\t\t\t\t\t\t\t\t<div class=\"feature-excerpt\">\n\t\t\t\t\tProwadzimy sprzeda\u017c wyrob\u00f3w ze stali - odwied\u017a nasz sklep\t\t\t\t<\/div>\n\t\t\t\t\t\t\t\t\t\n\t\t\t<\/div>\n\t\t<\/div>\n\t<\/div>\n\t[\/vc_column][vc_column css_animation=&#8221;fadeIn&#8221; width=&#8221;1\/5&#8243;]\t<div class=\"ts-feature-wrapper  vertical-icon text-default\">\n\t\t\n\t\t<div class=\"feature-content\">\n\t\t\t\n\t\t\t\t\t\t<a style=\"color: #dd8500\" target=\"_self\" class=\"feature-icon\" href=\"#kruszywa-start\">\n\t\t\t\t<i class=\"fas fa-braille\"><\/i>\n\t\t\t<\/a>\n\t\t\t\t\t\t\n\t\t\t<div class=\"feature-header\">\n\t\t\t\t\n\t\t\t\t\t\t\t\t<h4 class=\"feature-title heading-title entry-title\">\n\t\t\t\t\t<a target=\"_self\" href=\"#kruszywa-start\">Kruszywa<\/a>\n\t\t\t\t<\/h4>\n\t\t\t\t\t\t\t\n\t\t\t\t\t\t\t\t<div class=\"feature-excerpt\">\n\t\t\t\t\tbudowlane i drogowe z recyklingu oraz kruszywa naturalne.\t\t\t\t<\/div>\n\t\t\t\t\t\t\t\t\t\n\t\t\t<\/div>\n\t\t<\/div>\n\t<\/div>\n\t[\/vc_column][vc_column css_animation=&#8221;top-to-bottom&#8221; width=&#8221;1\/5&#8243;]\t<div class=\"ts-feature-wrapper  vertical-icon text-default\">\n\t\t\n\t\t<div class=\"feature-content\">\n\t\t\t\n\t\t\t\t\t\t<a style=\"color: #934f22\" target=\"_self\" class=\"feature-icon\" href=\"https:\/\/wirex.bedzin.pl\/?page_id=17246\">\n\t\t\t\t<i class=\"fas fa-download\"><\/i>\n\t\t\t<\/a>\n\t\t\t\t\t\t\n\t\t\t<div class=\"feature-header\">\n\t\t\t\t\n\t\t\t\t\t\t\t\t<h4 class=\"feature-title heading-title entry-title\">\n\t\t\t\t\t<a target=\"_self\" href=\"https:\/\/wirex.bedzin.pl\/?page_id=17246\">Wyburzenia, rozbi\u00f3rki<\/a>\n\t\t\t\t<\/h4>\n\t\t\t\t\t\t\t\n\t\t\t\t\t\t\t\t<div class=\"feature-excerpt\">\n\t\t\t\t\tmechaniczne wyburzanie obiekt\u00f3w budowlanych, mechaniczne rozbi\u00f3rki konstrukcji stalowych i element\u00f3w mieszanych.\t\t\t\t<\/div>\n\t\t\t\t\t\t\t\t\t\n\t\t\t<\/div>\n\t\t<\/div>\n\t<\/div>\n\t[\/vc_column][vc_column width=&#8221;1\/5&#8243;]\t<div class=\"ts-feature-wrapper  vertical-icon text-default\">\n\t\t\n\t\t<div class=\"feature-content\">\n\t\t\t\n\t\t\t\t\t\t<a style=\"color: #31a033\" target=\"_self\" class=\"feature-icon\" href=\"https:\/\/wirex.bedzin.pl\/?page_id=17253\">\n\t\t\t\t<i class=\"fas fa-recycle\"><\/i>\n\t\t\t<\/a>\n\t\t\t\t\t\t\n\t\t\t<div class=\"feature-header\">\n\t\t\t\t\n\t\t\t\t\t\t\t\t<h4 class=\"feature-title heading-title entry-title\">\n\t\t\t\t\t<a target=\"_self\" href=\"https:\/\/wirex.bedzin.pl\/?page_id=17253\">Utylizacja i recykling odpad\u00f3w<\/a>\n\t\t\t\t<\/h4>\n\t\t\t\t\t\t\t\n\t\t\t\t\t\t\t\t<div class=\"feature-excerpt\">\n\t\t\t\t\trecykling i utylizacja asfaltu, gruzu, betonu, ceg\u0142y, odpady z remontu, przebudowy dr\u00f3g, gleba, t\u0142ucze\u0144 torowy.\t\t\t\t<\/div>\n\t\t\t\t\t\t\t\t\t\n\t\t\t<\/div>\n\t\t<\/div>\n\t<\/div>\n\t[\/vc_column][\/vc_row][vc_row][vc_column][vc_raw_js]JTNDc2NyaXB0JTNFJTBBalF1ZXJ5JTI4ZG9jdW1lbnQlMjkucmVhZHklMjhmdW5jdGlvbiUyOCUyMCUyNCUyMCUyOSU3QiUwQSUyMCUyMCUyMCUyMCUyNCUyOCUyN2ElNUJocmVmJTJBJTNEJTIyJTIzJTIyJTVEJTNBbm90JTI4JTVCaHJlZiUzRCUyMiUyMyUyMiU1RCUyOSUyNyUyOS5jbGljayUyOGZ1bmN0aW9uJTI4JTI5JTIwJTdCJTBBJTIwJTIwJTIwJTIwJTIwJTIwJTIwJTIwaWYlMjAlMjhsb2NhdGlvbi5wYXRobmFtZS5yZXBsYWNlJTI4JTJGJTVFJTVDJTJGJTJGJTJDJTI3JTI3JTI5JTIwJTNEJTNEJTIwdGhpcy5wYXRobmFtZS5yZXBsYWNlJTI4JTJGJTVFJTVDJTJGJTJGJTJDJTI3JTI3JTI5JTIwJTI2JTI2JTIwbG9jYXRpb24uaG9zdG5hbWUlMjAlM0QlM0QlMjB0aGlzLmhvc3RuYW1lJTI5JTIwJTdCJTBBJTIwJTIwJTIwJTIwJTIwJTIwJTIwJTIwJTIwJTIwJTIwJTIwdmFyJTIwdGFyZ2V0JTIwJTNEJTIwJTI0JTI4dGhpcy5oYXNoJTI5JTNCJTBBJTIwJTIwJTIwJTIwJTIwJTIwJTIwJTIwJTIwJTIwJTIwJTIwdGFyZ2V0JTIwJTNEJTIwdGFyZ2V0Lmxlbmd0aCUyMCUzRiUyMHRhcmdldCUyMCUzQSUyMCUyNCUyOCUyNyU1Qm5hbWUlM0QlMjclMjAlMkIlMjB0aGlzLmhhc2guc2xpY2UlMjgxJTI5JTIwJTJCJTI3JTVEJTI3JTI5JTNCJTBBJTIwJTIwJTIwJTIwJTIwJTIwJTIwJTIwJTIwJTIwJTIwJTIwaWYlMjAlMjh0YXJnZXQubGVuZ3RoJTI5JTIwJTdCJTBBJTIwJTIwJTIwJTIwJTIwJTIwJTIwJTIwJTIwJTIwJTIwJTIwJTIwJTIwJTIwJTIwJTI0JTI4JTI3aHRtbCUyQ2JvZHklMjclMjkuYW5pbWF0ZSUyOCU3QiUwQSUyMCUyMCUyMCUyMCUyMCUyMCUyMCUyMCUyMCUyMCUyMCUyMCUyMCUyMCUyMCUyMCUyMCUyMCUyMCUyMHNjcm9sbFRvcCUzQSUyMHRhcmdldC5vZmZzZXQlMjglMjkudG9wJTBBJTIwJTIwJTIwJTIwJTIwJTIwJTIwJTIwJTIwJTIwJTIwJTIwJTIwJTIwJTIwJTIwJTdEJTJDJTIwMTAwMCUyOSUzQiUwQSUyMCUyMCUyMCUyMCUyMCUyMCUyMCUyMCUyMCUyMCUyMCUyMCUyMCUyMCUyMCUyMHJldHVybiUyMGZhbHNlJTNCJTBBJTIwJTIwJTIwJTIwJTIwJTIwJTIwJTIwJTIwJTIwJTIwJTIwJTdEJTBBJTIwJTIwJTIwJTIwJTIwJTIwJTIwJTIwJTdEJTBBJTIwJTIwJTIwJTIwJTdEJTI5JTNCJTBBJTdEJTI5JTNCJTBBJTNDJTJGc2NyaXB0JTNF[\/vc_raw_js][\/vc_column][\/vc_row]<\/p>\n<\/div>","protected":false},"excerpt":{"rendered":"<p>[vc_row css=&#8221;.vc_custom_1733099016753{margin-top: -60px !important;}&#8221; el_id=&#8221;kruszywa-start&#8221;][vc_column][\/vc_column][\/vc_row][vc_row][vc_column][vc_empty_space height=&#8221;64px&#8221;][\/vc_column][\/vc_row][vc_row][vc_column][vc_column_text css=&#8221;&#8221;] WIREX-WSZO\u0141A oferuje do sprzeda\u017cy kruszywa budowlane i drogowe z recyklingu i naturalne. Nasze kruszywa to utrzymana wysoka jako\u015b\u0107 dzi\u0119ki odpowiednim technologiom rozdrabniania i przesiewania,\u00a0 a zarazem du\u017co korzystniejsza cena w por\u00f3wnaniu z wyrobami tradycyjnymi. Kruszywa WIREXu to tak\u017ce dba\u0142o\u015b\u0107 o ekologi\u0119. Dost\u0119pne kruszywa i ich granulacja: \u0141upek przepalony\u00a0\u00a0 [&hellip;]<\/p>\n","protected":false},"author":1,"featured_media":0,"parent":0,"menu_order":0,"comment_status":"closed","ping_status":"closed","template":"","meta":{"inline_featured_image":false,"footnotes":""},"class_list":["post-17229","page","type-page","status-publish","hentry"],"yoast_head":"<!-- This site is optimized with the Yoast SEO Premium plugin v24.1 (Yoast SEO v24.1) - https:\/\/yoast.com\/wordpress\/plugins\/seo\/ -->\n<title>Kruszywa - Wirex-Wszo\u0142a<\/title>\n<meta name=\"description\" content=\"Kruszywa WIREXu to tak\u017ce dba\u0142o\u015b\u0107 o ekologi\u0119, zam\u00f3w ju\u017c teraz: tel. 603973415, 506171069; email: wirex@wirex.bedzin.pl\" \/>\n<meta name=\"robots\" content=\"index, follow, max-snippet:-1, max-image-preview:large, max-video-preview:-1\" \/>\n<link rel=\"canonical\" href=\"https:\/\/wirex.bedzin.pl\/?page_id=17229\" \/>\n<meta property=\"og:locale\" content=\"pl_PL\" \/>\n<meta property=\"og:type\" content=\"article\" \/>\n<meta property=\"og:title\" content=\"Kruszywa - oferta\" \/>\n<meta property=\"og:description\" content=\"Kruszywa WIREXu to tak\u017ce dba\u0142o\u015b\u0107 o ekologi\u0119, zam\u00f3w ju\u017c teraz: tel. 603973415, 506171069; email: wirex@wirex.bedzin.pl\" \/>\n<meta property=\"og:url\" content=\"https:\/\/wirex.bedzin.pl\/?page_id=17229\" \/>\n<meta property=\"og:site_name\" content=\"Wirex-Wszo\u0142a\" \/>\n<meta property=\"article:publisher\" content=\"https:\/\/www.facebook.com\/wirex.wirex.3\/\" \/>\n<meta property=\"article:modified_time\" content=\"2025-03-06T21:59:49+00:00\" \/>\n<meta name=\"twitter:card\" content=\"summary_large_image\" \/>\n<meta name=\"twitter:label1\" content=\"Szacowany czas czytania\" \/>\n\t<meta name=\"twitter:data1\" content=\"2 minuty\" \/>\n<script type=\"application\/ld+json\" class=\"yoast-schema-graph\">{\"@context\":\"https:\/\/schema.org\",\"@graph\":[{\"@type\":\"WebPage\",\"@id\":\"https:\/\/wirex.bedzin.pl\/?page_id=17229\",\"url\":\"https:\/\/wirex.bedzin.pl\/?page_id=17229\",\"name\":\"Kruszywa - Wirex-Wszo\u0142a\",\"isPartOf\":{\"@id\":\"https:\/\/wirex.bedzin.pl\/#website\"},\"datePublished\":\"2024-12-01T23:57:38+00:00\",\"dateModified\":\"2025-03-06T21:59:49+00:00\",\"description\":\"Kruszywa WIREXu to tak\u017ce dba\u0142o\u015b\u0107 o ekologi\u0119, zam\u00f3w ju\u017c teraz: tel. 603973415, 506171069; email: wirex@wirex.bedzin.pl\",\"breadcrumb\":{\"@id\":\"https:\/\/wirex.bedzin.pl\/?page_id=17229#breadcrumb\"},\"inLanguage\":\"pl-PL\",\"potentialAction\":[{\"@type\":\"ReadAction\",\"target\":[\"https:\/\/wirex.bedzin.pl\/?page_id=17229\"]}]},{\"@type\":\"BreadcrumbList\",\"@id\":\"https:\/\/wirex.bedzin.pl\/?page_id=17229#breadcrumb\",\"itemListElement\":[{\"@type\":\"ListItem\",\"position\":1,\"name\":\"Strona g\u0142\u00f3wna\",\"item\":\"https:\/\/wirex.bedzin.pl\/\"},{\"@type\":\"ListItem\",\"position\":2,\"name\":\"Kruszywa &#8211; oferta\"}]},{\"@type\":\"WebSite\",\"@id\":\"https:\/\/wirex.bedzin.pl\/#website\",\"url\":\"https:\/\/wirex.bedzin.pl\/\",\"name\":\"Wirex-Wszo\u0142a\",\"description\":\"Z nami oszcz\u0119dzasz!\",\"publisher\":{\"@id\":\"https:\/\/wirex.bedzin.pl\/#organization\"},\"potentialAction\":[{\"@type\":\"SearchAction\",\"target\":{\"@type\":\"EntryPoint\",\"urlTemplate\":\"https:\/\/wirex.bedzin.pl\/?s={search_term_string}\"},\"query-input\":{\"@type\":\"PropertyValueSpecification\",\"valueRequired\":true,\"valueName\":\"search_term_string\"}}],\"inLanguage\":\"pl-PL\"},{\"@type\":\"Organization\",\"@id\":\"https:\/\/wirex.bedzin.pl\/#organization\",\"name\":\"Wirex-Wszo\u0142a\",\"url\":\"https:\/\/wirex.bedzin.pl\/\",\"logo\":{\"@type\":\"ImageObject\",\"inLanguage\":\"pl-PL\",\"@id\":\"https:\/\/wirex.bedzin.pl\/#\/schema\/logo\/image\/\",\"url\":\"https:\/\/wirex.bedzin.pl\/wp-content\/uploads\/2024\/10\/wirex-wszola-logo2.png\",\"contentUrl\":\"https:\/\/wirex.bedzin.pl\/wp-content\/uploads\/2024\/10\/wirex-wszola-logo2.png\",\"width\":737,\"height\":213,\"caption\":\"Wirex-Wszo\u0142a\"},\"image\":{\"@id\":\"https:\/\/wirex.bedzin.pl\/#\/schema\/logo\/image\/\"},\"sameAs\":[\"https:\/\/www.facebook.com\/wirex.wirex.3\/\"]}]}<\/script>\n<!-- \/ Yoast SEO Premium plugin. -->","yoast_head_json":{"title":"Kruszywa - Wirex-Wszo\u0142a","description":"Kruszywa WIREXu to tak\u017ce dba\u0142o\u015b\u0107 o ekologi\u0119, zam\u00f3w ju\u017c teraz: tel. 603973415, 506171069; email: wirex@wirex.bedzin.pl","robots":{"index":"index","follow":"follow","max-snippet":"max-snippet:-1","max-image-preview":"max-image-preview:large","max-video-preview":"max-video-preview:-1"},"canonical":"https:\/\/wirex.bedzin.pl\/?page_id=17229","og_locale":"pl_PL","og_type":"article","og_title":"Kruszywa - oferta","og_description":"Kruszywa WIREXu to tak\u017ce dba\u0142o\u015b\u0107 o ekologi\u0119, zam\u00f3w ju\u017c teraz: tel. 603973415, 506171069; email: wirex@wirex.bedzin.pl","og_url":"https:\/\/wirex.bedzin.pl\/?page_id=17229","og_site_name":"Wirex-Wszo\u0142a","article_publisher":"https:\/\/www.facebook.com\/wirex.wirex.3\/","article_modified_time":"2025-03-06T21:59:49+00:00","twitter_card":"summary_large_image","twitter_misc":{"Szacowany czas czytania":"2 minuty"},"schema":{"@context":"https:\/\/schema.org","@graph":[{"@type":"WebPage","@id":"https:\/\/wirex.bedzin.pl\/?page_id=17229","url":"https:\/\/wirex.bedzin.pl\/?page_id=17229","name":"Kruszywa - Wirex-Wszo\u0142a","isPartOf":{"@id":"https:\/\/wirex.bedzin.pl\/#website"},"datePublished":"2024-12-01T23:57:38+00:00","dateModified":"2025-03-06T21:59:49+00:00","description":"Kruszywa WIREXu to tak\u017ce dba\u0142o\u015b\u0107 o ekologi\u0119, zam\u00f3w ju\u017c teraz: tel. 603973415, 506171069; email: wirex@wirex.bedzin.pl","breadcrumb":{"@id":"https:\/\/wirex.bedzin.pl\/?page_id=17229#breadcrumb"},"inLanguage":"pl-PL","potentialAction":[{"@type":"ReadAction","target":["https:\/\/wirex.bedzin.pl\/?page_id=17229"]}]},{"@type":"BreadcrumbList","@id":"https:\/\/wirex.bedzin.pl\/?page_id=17229#breadcrumb","itemListElement":[{"@type":"ListItem","position":1,"name":"Strona g\u0142\u00f3wna","item":"https:\/\/wirex.bedzin.pl\/"},{"@type":"ListItem","position":2,"name":"Kruszywa &#8211; oferta"}]},{"@type":"WebSite","@id":"https:\/\/wirex.bedzin.pl\/#website","url":"https:\/\/wirex.bedzin.pl\/","name":"Wirex-Wszo\u0142a","description":"Z nami oszcz\u0119dzasz!","publisher":{"@id":"https:\/\/wirex.bedzin.pl\/#organization"},"potentialAction":[{"@type":"SearchAction","target":{"@type":"EntryPoint","urlTemplate":"https:\/\/wirex.bedzin.pl\/?s={search_term_string}"},"query-input":{"@type":"PropertyValueSpecification","valueRequired":true,"valueName":"search_term_string"}}],"inLanguage":"pl-PL"},{"@type":"Organization","@id":"https:\/\/wirex.bedzin.pl\/#organization","name":"Wirex-Wszo\u0142a","url":"https:\/\/wirex.bedzin.pl\/","logo":{"@type":"ImageObject","inLanguage":"pl-PL","@id":"https:\/\/wirex.bedzin.pl\/#\/schema\/logo\/image\/","url":"https:\/\/wirex.bedzin.pl\/wp-content\/uploads\/2024\/10\/wirex-wszola-logo2.png","contentUrl":"https:\/\/wirex.bedzin.pl\/wp-content\/uploads\/2024\/10\/wirex-wszola-logo2.png","width":737,"height":213,"caption":"Wirex-Wszo\u0142a"},"image":{"@id":"https:\/\/wirex.bedzin.pl\/#\/schema\/logo\/image\/"},"sameAs":["https:\/\/www.facebook.com\/wirex.wirex.3\/"]}]}},"_links":{"self":[{"href":"https:\/\/wirex.bedzin.pl\/index.php?rest_route=\/wp\/v2\/pages\/17229","targetHints":{"allow":["GET"]}}],"collection":[{"href":"https:\/\/wirex.bedzin.pl\/index.php?rest_route=\/wp\/v2\/pages"}],"about":[{"href":"https:\/\/wirex.bedzin.pl\/index.php?rest_route=\/wp\/v2\/types\/page"}],"author":[{"embeddable":true,"href":"https:\/\/wirex.bedzin.pl\/index.php?rest_route=\/wp\/v2\/users\/1"}],"replies":[{"embeddable":true,"href":"https:\/\/wirex.bedzin.pl\/index.php?rest_route=%2Fwp%2Fv2%2Fcomments&post=17229"}],"version-history":[{"count":21,"href":"https:\/\/wirex.bedzin.pl\/index.php?rest_route=\/wp\/v2\/pages\/17229\/revisions"}],"predecessor-version":[{"id":17609,"href":"https:\/\/wirex.bedzin.pl\/index.php?rest_route=\/wp\/v2\/pages\/17229\/revisions\/17609"}],"wp:attachment":[{"href":"https:\/\/wirex.bedzin.pl\/index.php?rest_route=%2Fwp%2Fv2%2Fmedia&parent=17229"}],"curies":[{"name":"wp","href":"https:\/\/api.w.org\/{rel}","templated":true}]}}